ulate the greatest common divisor of 6223 and 1143.
127
What is the greatest common divisor of 2295 and 2187?
27
What is the highest common divisor of 29545 and 2470?
95
Calculate the greatest common divisor of 555 and 4335.
15
Calculate the greatest common factor of 1558 and 10292148.
1558
Calculate the greatest common factor of 52 and 7511556.
52
Calculate the highest common factor of 128 and 371872.
32
What is the highest common divisor of 471 and 57?
3
What is the highest common divisor of 3161 and 654?
109
What is the greatest common divisor of 3115 and 55475?
35
What is the highest common divisor of 820 and 95540?
20
Calculate the highest common factor of 29484 and 3483.
81
Calculate the highest common factor of 7359 and 957.
33
What is the greatest common factor of 516128 and 32?
32
Calculate the greatest common divisor of 2167058 and 34.
34
What is the greatest common factor of 6216 and 42924?
84
What is the highest common divisor of 936 and 87256?
104
Calculate the greatest common factor of 3227 and 5159.
7
What is the greatest common factor of 614 and 413529?
307
What is the highest common factor of 8001 and 420?
21
What is the highest common factor of 9961 and 7?
7
Calculate the highest common factor of 736 and 33764.
92
What is the highest common divisor of 78735 and 1305?
435
Calculate the greatest common divisor of 1080 and 75.
15
Calculate the highest common factor of 50 and 49705.
5
What is the highest common factor of 364695 and 492?
123
What is the highest common factor of 1330 and 8656305?
665
Calculate the highest common factor of 16344 and 120.
24
Calculate the highest common divisor of 38918 and 122.
122
Calculate the greatest common factor of 3234 and 75264.
294
What is the highest common divisor of 5052 and 876?
12
What is the highest common divisor of 4076 and 68?
4
What is the greatest common factor of 1324552 and 8?
8
What is the greatest common divisor of 1089 and 544797?
99
Calculate the greatest common divisor of 14983 and 7.
1
Calculate the highest common factor of 71177 and 5123.
109
Calculate the greatest common factor of 126458 and 636.
106
Calculate the greatest common divisor of 14373 and 18.
9
Calculate the greatest common factor of 620968 and 64.
8
What is the greatest common divisor of 5212 and 740?
4
What is the greatest common divisor of 50776 and 616?
88
Calculate the highest common factor of 17201 and 9991.
103
What is the highest common divisor of 120 and 224025?
15
Calculate the highest common divisor of 17280 and 6210.
270
What is the greatest common divisor of 70400 and 2750?
550
Calculate the greatest common divisor of 102192 and 144.
48
What is the greatest common factor of 204534 and 198?
198
Calculate the greatest common factor of 1914220 and 1243.
1243
What is the greatest common divisor of 273702 and 26?
26
Calculate the greatest common divisor of 110055 and 55.
55
What is the greatest common divisor of 490 and 12005?
245
Calculate the greatest common divisor of 416 and 428.
4
What is the greatest common factor of 3328 and 180544?
832
What is the highest common divisor of 36 and 969?
3
Calculate the greatest common factor of 638 and 55970.
58
Calculate the highest common factor of 4331 and 4819.
61
What is the greatest common divisor of 26760 and 2899?
223
Calculate the greatest common divisor of 483 and 311213.
161
What is the greatest common factor of 30266 and 592?
74
What is the greatest common divisor of 241196 and 32?
4
Calculate the greatest common factor of 95821 and 2852.
31
Calculate the highest common factor of 18 and 3563334.
18
What is the highest common divisor of 24 and 5075124?
12
Calculate the greatest common factor of 9 and 7792209.
9
What is the greatest common divisor of 55 and 2468422?
11
Calculate the greatest common factor of 895482 and 1610.
322
Calculate the greatest common factor of 146119 and 874.
23
Calculate the greatest common divisor of 186610 and 5.
5
What is the highest common divisor of 482132 and 140?
28
Calculate the greatest common divisor of 171 and 2760795.
171
What is the greatest common divisor of 888 and 59237?
37
What is the highest common factor of 390578 and 358?
358
What is the highest common divisor of 130 and 297895?
65
Calculate the greatest common divisor of 122943 and 2568.
321
Calculate the greatest common factor of 364 and 7384.
52
What is the highest common factor of 28 and 29162?
14
Calculate the highest common divisor of 128 and 1487968.
32
Calculate the greatest common factor of 150744 and 484.
44
Calculate the highest common factor of 59449 and 663.
221
Calculate the greatest common factor of 820008 and 378.
126
What is the highest common factor of 2193 and 1989?
51
Calculate the greatest common divisor of 13237 and 854.
427
Calculate the highest common factor of 50949 and 1275.
51
Calculate the greatest common divisor of 7772 and 3944.
116
What is the greatest common divisor of 190 and 1330?
190
Calculate the highest common factor of 357731 and 561.
187
Calculate the highest common divisor of 65 and 39565.
5
Calculate the highest common factor of 100 and 124.
4
Calculate the greatest common factor of 372 and 263562.
186
What is the highest common factor of 1955475 and 675?
675
Calculate the greatest common factor of 144819 and 9.
9
Calculate the greatest common factor of 34780 and 888.
148
Calculate the highest common factor of 48 and 25240.
8
What is the greatest common divisor of 33 and 111309?
33
What is the highest common divisor of 9731 and 8679?
263
What is the highest common factor of 352 and 6644?
44
Calculate the greatest common divisor of 81152 and 1902.
634
Calculate the greatest common divisor of 1148841 and 108.
9
What is the greatest common divisor of 1425 and 9595?
95
Calculate the greatest common factor of 7 and 28091.
7
Calculate the highest common divisor of 2142 and 210868.
238
What is the greatest common factor of 245396 and 124?
124
Calculate the greatest common divisor of 1788002 and 67012.
3046
Calculate the greatest common divisor of 429 and 1041.
3
What is the highest common factor of 14273 and 21?
7
What is the highest common factor of 376 and 4128?
8
Calculate the greatest common divisor of 666 and 118992.
222
Calculate the greatest common divisor of 1479 and 37128.
51
Calculate the highest common factor of 7504 and 22780.
268
What is the greatest common factor of 2679210 and 1080?
270
Calculate the greatest common factor of 153 and 9843.
51
What is the greatest common divisor of 8 and 20596?
4
What is the greatest common factor of 1047679 and 3819?
1273
What is the greatest common factor of 1404 and 187798?
26
What is the highest common divisor of 928 and 1606832?
464
Calculate the greatest common factor of 101673 and 130350.
2607
What is the highest common divisor of 18 and 6528?
6
Calculate the highest common divisor of 152144 and 2960.
592
Calculate the greatest common factor of 4758 and 20826.
78
What is the greatest common divisor of 1740 and 26760?
60
Calculate the highest common factor of 240955 and 715.
715
Calculate the highest common factor of 6189 and 201.
3
Calculate the greatest common factor of 451 and 57154.
41
What is the highest common divisor of 5744 and 112?
16
Calculate the greatest common divisor of 891 and 264330.
297
Calculate the greatest common factor of 565 and 3755.
5
Calculate the highest common divisor of 348 and 7598.
58
Calculate the highest common factor of 176 and 208912.
176
What is the greatest common divisor of 720 and 48528?
144
What is the greatest common divisor of 3529010 and 1247?
1247
What is the greatest common factor of 647777 and 26?
13
Calculate the highest common factor of 19652 and 76.
4
Calculate the greatest common factor of 7581 and 357.
21
Calculate the greatest common factor of 876 and 2076.
12
What is the greatest common divisor of 638 and 580?
58
Calculate the greatest common factor of 155 and 1255.
5
Calculate the highest common factor of 84 and 113001.
21
What is the highest common divisor of 9386 and 14768?
26
Calculate the greatest common factor of 10270 and 869.
79
Calculate the greatest common divisor of 504 and 46998.
126
What is the highest common divisor of 3920 and 686?
98
What is the greatest common factor of 19826 and 15947?
431
Calcul